mmon factor of 2526 and 135990?
6
Calculate the highest common factor of 29245771 and 259223.
3869
Calculate the greatest common divisor of 130349685 and 165.
15
What is the greatest common divisor of 2520324 and 72?
36
What is the greatest common factor of 299813 and 185509?
47
Calculate the highest common divisor of 216227285 and 4755.
1585
What is the highest common divisor of 25670 and 31147978?
5134
What is the highest common factor of 65871 and 10738?
13
What is the greatest common divisor of 14615 and 1107595?
185
What is the highest common factor of 2218227762 and 4534?
4534
Calculate the highest common factor of 18136 and 1120.
8
What is the greatest common divisor of 118483038 and 17361?
5787
What is the highest common factor of 4320 and 5814880?
160
What is the greatest common divisor of 26006225 and 350?
175
What is the highest common factor of 239858850 and 385?
385
Calculate the greatest common divisor of 16 and 44006896.
16
What is the greatest common factor of 49376 and 1038848?
32
What is the greatest common factor of 753339 and 113703?
453
What is the highest common divisor of 30752 and 14708105?
961
Calculate the greatest common factor of 23435 and 195693.
43
What is the greatest common divisor of 180204881 and 3362?
1681
Calculate the highest common divisor of 349843 and 51493.
221
Calculate the greatest common divisor of 1919635 and 58745.
1895
Calculate the greatest common divisor of 116969832 and 532.
28
Calculate the greatest common factor of 662 and 1907216042.
662
Calculate the greatest common factor of 858155789 and 41.
41
Calculate the highest common divisor of 639 and 1948311.
639
Calculate the greatest common factor of 60 and 9467940.
60
Calculate the greatest common divisor of 15330225 and 1833.
141
What is the greatest common divisor of 433795 and 2394710?
505
What is the highest common divisor of 1421580 and 24360?
1740
What is the greatest common factor of 114 and 10257207?
57
What is the greatest common factor of 102232 and 45080?
8
What is the highest common divisor of 281 and 93791618?
281
Calculate the greatest common factor of 378505 and 21785755.
6205
What is the highest common factor of 928 and 17031932?
116
What is the highest common factor of 2425516 and 16?
4
What is the greatest common divisor of 1 and 3040707?
1
What is the greatest common factor of 791641 and 137773?
443
Calculate the greatest common divisor of 43071574 and 7514.
442
What is the greatest common divisor of 13168290 and 1962?
654
What is the highest common divisor of 96749312 and 40?
8
Calculate the highest common factor of 28177 and 7771.
19
What is the greatest common factor of 208 and 9602372?
52
What is the highest common factor of 225761 and 11651?
61
Calculate the highest common divisor of 854128 and 42136.
184
Calculate the highest common divisor of 2864576 and 403.
13
Calculate the highest common factor of 35890624 and 66.
22
What is the highest common divisor of 273756031 and 557?
557
What is the highest common factor of 112590 and 276615?
405
What is the highest common factor of 52 and 6266624?
52
What is the highest common factor of 260 and 8723280?
20
What is the greatest common divisor of 4146582 and 31218?
66
What is the greatest common factor of 1543 and 25383893?
1543
What is the highest common factor of 1092 and 1091376?
156
What is the highest common divisor of 74431919 and 1576?
197
What is the greatest common divisor of 4036 and 28073407?
1009
What is the greatest common divisor of 75114 and 50570?
26
Calculate the highest common factor of 16369564 and 1596.
76
Calculate the greatest common divisor of 4699 and 178747.
37
What is the greatest common divisor of 339888 and 38024?
776
What is the greatest common divisor of 42714 and 12747?
21
What is the greatest common divisor of 2800 and 6784050?
350
Calculate the greatest common divisor of 786205 and 980.
245
Calculate the greatest common factor of 234 and 9456642.
234
Calculate the highest common divisor of 48 and 132319128.
24
Calculate the greatest common factor of 13770 and 89550.
90
What is the highest common factor of 1564 and 212221?
23
Calculate the highest common factor of 2310 and 131966142.
462
Calculate the greatest common divisor of 6148128 and 136416.
4704
What is the greatest common factor of 215566 and 5837?
13
Calculate the greatest common divisor of 408 and 2935815.
51
What is the highest common factor of 2271 and 9932597?
757
What is the highest common factor of 11 and 70514114?
11
What is the highest common divisor of 865565 and 25?
5
What is the greatest common divisor of 2314510 and 5170?
110
Calculate the greatest common divisor of 8157772 and 1484.
28
What is the greatest common factor of 57754627 and 91?
7
Calculate the greatest common factor of 385832186 and 1509.
503
What is the greatest common divisor of 1670635 and 865?
5
Calculate the highest common divisor of 2516612 and 3110.
622
What is the greatest common divisor of 134003 and 543818?
1301
Calculate the highest common factor of 3497648 and 20708.
668
What is the greatest common divisor of 380 and 48596395?
95
What is the highest common factor of 92035728 and 912?
48
Calculate the highest common divisor of 13703635 and 29205.
3245
What is the greatest common divisor of 4524 and 653052?
12
Calculate the greatest common factor of 6176860 and 366.
122
Calculate the greatest common factor of 180706690 and 11410.
1630
What is the highest common divisor of 5 and 421594?
1
Calculate the highest common divisor of 75284 and 11941069.
1711
What is the greatest common divisor of 119225 and 2398807?
4769
Calculate the greatest common factor of 3773 and 1825789.
343
Calculate the greatest common factor of 430830 and 94410.
90
Calculate the greatest common divisor of 91 and 35585459.
91
What is the greatest common factor of 9797595 and 335?
5
What is the greatest common divisor of 2979 and 123208461?
2979
Calculate the highest common divisor of 6279358 and 34.
34
Calculate the greatest common factor of 501303 and 22143.
363
Calculate the greatest common factor of 14658 and 1318173.
1047
Calculate the highest common factor of 918083 and 7604908.
7229
Calculate the greatest common factor of 15 and 263364945.
15
What is the highest common divisor of 1304 and 294?
2
What is the greatest common factor of 121473 and 14360544?
297
Calculate the highest common factor of 9317 and 4823.
7
What is the greatest common divisor of 2438 and 695678?
106
Calculate the highest common factor of 1587 and 5639669.
529
What is the greatest common divisor of 681940 and 4865?
35
Calculate the greatest common divisor of 88377037 and 10437.
3479
Calculate the highest common factor of 5104 and 783232.
464
Calculate the greatest common divisor of 1824 and 1183586.
38
Calculate the greatest common factor of 480030 and 5370.
30
What is the highest common factor of 23769 and 191197?
19
What is the highest common factor of 447 and 629931?
3
Calculate the greatest common factor of 31005 and 244176777.
6201
Calculate the highest common factor of 68400969 and 1197.
399
Calculate the greatest common divisor of 12335073 and 2076.
519
What is the highest common factor of 66944 and 1634375?
523
What is the highest common factor of 244938 and 14622?
6
Calculate the greatest common divisor of 21808680 and 520.
40
Calculate the highest common divisor of 585460 and 83408.
1604
Calculate the highest common factor of 62928 and 1881.
171
What is the highest common factor of 745 and 1464934475?
745
What is the greatest common factor of 3764929 and 7?
7
Calculate the highest common factor of 1893585 and 30.
15
What is the greatest common divisor of 877871 and 7?
1
What is the greatest common divisor of 192 and 145762752?
192
Calculate the highest common factor of 3458 and 863170.
266
What is the greatest common divisor of 30585 and 6015?
15
What is the greatest common factor of 104725175 and 188960?
5905
Calculate the greatest common factor of 1182069 and 168084.
1827
Calculate the highest common divisor of 997375629 and 661.
661
What is the greatest common divisor of 194 and 13176771?
97
What is the greatest common divisor of 381054541 and 119?
119
Calculate the greatest common factor of 2941 and 1352341.
173
Calculate the greatest comm